llions digit of 9046956?
9
What is the thousands digit of 424334?
4
What is the ten thousands digit of 311913?
1
What is the thousands digit of 2537636?
7
What is the units digit of 34115?
5
What is the tens digit of 691675?
7
What is the hundred thousands digit of 208820?
2
What is the tens digit of 8053565?
6
What is the millions digit of 16060953?
6
What is the hundred thousands digit of 4514563?
5
What is the hundreds digit of 1835728?
7
What is the hundreds digit of 57452?
4
What is the thousands digit of 226744?
6
What is the hundreds digit of 51653?
6
What is the thousands digit of 556412?
6
What is the hundreds digit of 387463?
4
What is the hundreds digit of 3082?
0
What is the hundreds digit of 121188?
1
What is the thousands digit of 3469317?
9
What is the ten thousands digit of 3409441?
0
What is the tens digit of 743657?
5
What is the tens digit of 2619476?
7
What is the thousands digit of 7942097?
2
What is the units digit of 456448?
8
What is the tens digit of 2596033?
3
What is the units digit of 3895031?
1
What is the ten thousands digit of 231598?
3
What is the ten thousands digit of 274294?
7
What is the units digit of 6163769?
9
What is the ten thousands digit of 3392545?
9
What is the hundreds digit of 1939713?
7
What is the hundreds digit of 730018?
0
What is the ten thousands digit of 3182329?
8
What is the ten thousands digit of 275262?
7
What is the ten thousands digit of 253387?
5
What is the units digit of 1855678?
8
What is the hundred thousands digit of 468756?
4
What is the hundred thousands digit of 19708486?
7
What is the units digit of 955123?
3
What is the hundred thousands digit of 4414708?
4
What is the tens digit of 2376682?
8
What is the thousands digit of 874363?
4
What is the tens digit of 1346079?
7
What is the millions digit of 4630289?
4
What is the millions digit of 7995529?
7
What is the ten thousands digit of 50745?
5
What is the hundreds digit of 442144?
1
What is the thousands digit of 2922795?
2
What is the ten thousands digit of 34514040?
1
What is the ten thousands digit of 298701?
9
What is the tens digit of 1565787?
8
What is the hundred thousands digit of 920348?
9
What is the hundred thousands digit of 27724542?
7
What is the hundreds digit of 1186480?
4
What is the ten thousands digit of 253663?
5
What is the tens digit of 992947?
4
What is the hundreds digit of 8070218?
2
What is the thousands digit of 2562049?
2
What is the hundred thousands digit of 16558722?
5
What is the millions digit of 1386970?
1
What is the ten millions digit of 22381853?
2
What is the hundreds digit of 6457047?
0
What is the hundreds digit of 1844877?
8
What is the ten millions digit of 21927613?
2
What is the thousands digit of 604224?
4
What is the tens digit of 2532458?
5
What is the thousands digit of 68251?
8
What is the tens digit of 2977550?
5
What is the hundreds digit of 336520?
5
What is the units digit of 5808320?
0
What is the hundred thousands digit of 216910?
2
What is the hundreds digit of 19830288?
2
What is the tens digit of 209213?
1
What is the units digit of 257227?
7
What is the tens digit of 15125793?
9
What is the hundreds digit of 407693?
6
What is the millions digit of 1068398?
1
What is the ten thousands digit of 100247?
0
What is the millions digit of 17519363?
7
What is the units digit of 10704294?
4
What is the units digit of 14604?
4
What is the units digit of 171166?
6
What is the hundreds digit of 7354202?
2
What is the thousands digit of 245933?
5
What is the tens digit of 310827?
2
What is the millions digit of 4336316?
4
What is the ten thousands digit of 14943656?
4
What is the tens digit of 269168?
6
What is the tens digit of 2189673?
7
What is the units digit of 8268942?
2
What is the units digit of 1116063?
3
What is the ten thousands digit of 121244?
2
What is the hundred thousands digit of 2830567?
8
What is the thousands digit of 486284?
6
What is the hundred thousands digit of 413490?
4
What is the hundred thousands digit of 1442578?
4
What is the millions digit of 6029846?
6
What is the thousands digit of 4234800?
4
What is the thousands digit of 320381?
0
What is the tens digit of 126010?
1
What is the millions digit of 2725821?
2
What is the thousands digit of 265481?
5
What is the hundred thousands digit of 363102?
3
What is the thousands digit of 12205432?
5
What is the tens digit of 136506?
0
What is the thousands digit of 426311?
6
What is the hundred thousands digit of 256110?
2
What is the hundred thousands digit of 435746?
4
What is the ten thousands digit of 2730788?
3
What is the ten thousands digit of 986601?
8
What is the units digit of 81257?
7
What is the hundreds digit of 13527617?
6
What is the hundred thousands digit of 3501786?
5
What is the hundred thousands digit of 20010827?
0
What is the thousands digit of 32530387?
0
What is the tens digit of 141943?
4
What is the thousands digit of 2303193?
3
What is the tens digit of 1628680?
8
What is the ten thousands digit of 6171812?
7
What is the ten thousands digit of 153979?
5
What is the millions digit of 5103290?
5
What is the hundreds digit of 45486?
4
What is the hundred thousands digit of 617346?
6
What is the ten thousands digit of 248676?
4
What is the hundred thousands digit of 10317980?
3
What is the tens digit of 85597?
9
What is the units digit of 7190780?
0
What is the hundreds digit of 157526?
5
What is the tens digit of 1962328?
2
What is the thousands digit of 451884?
1
What is the millions digit of 1126972?
1
What is the thousands digit of 4067695?
7
What is the tens digit of 32784?
8
What is the tens digit of 205405?
0
What is the hundred thousands digit of 291591?
2
What is the hundreds digit of 10111184?
1
What is the millions digit of 36546223?
6
What is the hundreds digit of 297903?
9
What is the units digit of 536985?
5
What is the thousands digit of 180552?
0
What is the units digit of 923446?
6
What is the tens digit of 23780222?
2
What is the units digit of 26403607?
7
What is the thousands digit of 364839?
4
What is the thousands digit of 12208225?
8
What is the tens digit of 473533?
3
What is the thousands digit of 5289?
5
What is the hundreds digit of 165272?
2
What is the ten thousands digit of 3517752?
1
What is the ten thousands digit of 153693?
5
What is the thousands digit of 969358?
9
What is the hundreds digit of 1081748?
7
What is the hundred thousands digit of 116453?
1
What is the units digit of 2636615?
5
What is the ten thousands digit of 563023?
6
What is the tens digit of 3308761?
6
What is the units digit of 257164?
4
What is the tens digit of 282317?
1
What is the hundreds digit of 457837?
8
What is the hundred thousands digit of 205440?
2
What is the units digit of 1060524?
4
What is the thousands digit of 19508?
9
What is the thousands digit of 3729806?
9
What is the tens digit of 644449?
4
What is the tens digit of 5704370?
7
What is the millions digit of 17967959?
7
What is the tens digit of 2723295?
9
What is the hundred thousands digit of 624335?
6
What is the hundreds digit of 22366303?
3
What is the ten thousands digit of 5747750?
4
What is the millions digit of 23777433?
3
What is the tens digit of 3644731?
3
What is the ten thousands digit of 1730087?
3
What is the hundreds digit of 234162?
1
What is the thousands digit of 2188995?
8
What is the units digit of 1332097?
7
What is the units digit of 25774441?
1
What is the hundreds digit of 1366157?
1
What is the hundreds digit of 3131?
1
What is the hundreds digit of 343989?
9
What is the hundred thousands digit of 472360?
4
What is the hundreds digit of 341520?
5
What is the hundreds digit of 18537297?
2
What is the ten millions digit of 14367948?
1
What is the ten thousands digit of 4049371?
4
What is the hundred thousands digit of 3472226?
4
What is the tens digit of 335551?
5
What is the hundreds digit of 41632221?
2
What is the hundreds digit of 1368871?
8
What is the ten thousands digit of 100664?
0
What is the thousands digit of 2034834?
4
What is the units digit of 336039?
9
What is the units digit of 3695980?
0
What is the ten thousands digit of 7928119?
2
What is the ten thousands digit of 18812130?
1
What is the thousands digit of 402863?
2
What is the units digit of 241055?
5
What is 